{"id":4,"date":"2012-08-29T11:54:21","date_gmt":"2012-08-29T09:54:21","guid":{"rendered":"http:\/\/manet-scrabble.org\/?page_id=4"},"modified":"2026-04-20T11:03:56","modified_gmt":"2026-04-20T09:03:56","slug":"agenda","status":"publish","type":"page","link":"http:\/\/manet-scrabble.org\/?page_id=4","title":{"rendered":"AGENDA"},"content":{"rendered":"<h1 style=\"text-align: center;\"><span style=\"color: #0000ff;\">Prochaines \u00e9preuves :<\/span><big><\/big><big><\/big><big> <\/big><big><\/big><big><\/big><big><\/big><big><\/big><big><\/big><big><\/big><big><\/big><big> <\/big><big><\/big><big><\/big><big><\/big><big><\/big><big> <\/big><big> <\/big><big> <\/big><big><\/big><big><\/big><big><\/big><big><\/big><big><\/big><\/h1>\n<p>Dimanche 26 avril 2026 &nbsp; &nbsp; <a href=\"https:\/\/www.scrabblepifo.org\/Affiches\/25-26\/SMSR_2026.pdf\" target=\"_blank\" rel=\"noopener\">Simultan\u00e9 Mondial en semi-rapide<\/a><\/p>\n<ul>\n<li style=\"list-style-type: none;\">\n<ul>\n<li style=\"list-style-type: none;\">\n<h1 style=\"text-align: center;\"><span style=\"color: #0000ff;\">Agenda &#8211; Saisons 2025 &#8211; 2026<\/span><\/h1>\n<\/li>\n<\/ul>\n<\/li>\n<li><span style=\"color: #008080;\"><strong>Dimanche 26 avril 2026 : &nbsp;<\/strong><\/span>Simultan\u00e9 Mondial Semi Rapide<\/li>\n<li><span style=\"color: #008080;\"><strong>Du samedi 09 au dimanche 17 mai 2026 : &nbsp;<\/strong><\/span>Festival de Vichy<\/li>\n<li><span style=\"color: #008080;\"><strong>Les 30 et 31 mai 2026 :&nbsp;<\/strong><\/span> Championnat de France S1-2-3 &#8211; Chevilly-Larue<\/li>\n<li><span style=\"color: #008080;\"><strong>Lundi 8 juin 2026 : &nbsp;<\/strong><\/span> AG Manet Scrabble et f\u00eate du Club<\/li>\n<li><span style=\"color: #008080;\"><strong>Les 13 et 14 juin 2026 : &nbsp;<\/strong><\/span>Finale des Interclubs &#8211; Lieusaint<\/li>\n<\/ul>\n<h1 style=\"text-align: center;\"><span style=\"color: #0000ff;\">Agenda &#8211; Saisons 2026 &#8211; 2027<\/span><\/h1>\n<ul>\n<li><span style=\"color: #008080;\"><strong>Lundi 7 septembre 2026 : &nbsp;<\/strong><\/span>Rentr\u00e9e Manet Scrabble<\/li>\n<li><span style=\"color: #008080;\"><strong>Dimanche 27 septembre 2026 : &nbsp;<\/strong><\/span>Qualifications des s\u00e9ries 1-2-3<\/li>\n<li><span style=\"color: #008080;\"><strong>Dimanche 11 octobre 2026 : &nbsp;<\/strong><\/span> Qualifications des s\u00e9ries 4<\/li>\n<li><span style=\"color: #008080;\"><strong>Samedi 14 Novembre 2026 : &nbsp;<\/strong><\/span>Qualifications VDR<\/li>\n<li><span style=\"color: #008080;\"><strong>Samedi 28 novembre 2026 : &nbsp;<\/strong><\/span>Qualifications des s\u00e9ries 5-6-7<\/li>\n<li><span style=\"color: #008080;\"><strong>Samedi 9 janvier 2027 : &nbsp;<\/strong><\/span>Simultan\u00e9 Mondial<\/li>\n<li><span style=\"color: #008080;\"><strong>Samedi 23 janvier 2027 : &nbsp;<\/strong><\/span>Simultan\u00e9 national VDR<\/li>\n<li><span style=\"color: #008080;\"><strong>Dimanche 21 mars 2027 : &nbsp;<\/strong><\/span>Qualifications Interclubs<\/li>\n<li><span style=\"color: #008080;\"><strong>Dimanche 25 avril 2027 : &nbsp;<\/strong><\/span>SMSR<\/li>\n<li><span style=\"color: #008080;\"><strong>du 1er au 9 mai 2027 : &nbsp;<\/strong><\/span>Festival de Vichy<\/li>\n<li><span style=\"color: #008080;\"><strong>12 et 13 juin 2027 : &nbsp;<\/strong><\/span>Finale Interclubs &nbsp;<\/li>\n<\/ul>\n<p>&nbsp;<\/p>\n<ul>\n<li style=\"list-style-type: none;\">\n<h3 style=\"text-align: center;\"><span style=\"color: #0000ff;\">Calendrier des Simultan\u00e9s Permanents :<\/span><\/h3>\n<\/li>\n<li><span style=\"color: #008080;\"><strong>Mardi 2 juin 2026 : <\/strong><\/span>Partie 7 et 8<\/li>\n<li><span style=\"color: #008080;\"><strong>Mercredi 3 juin 2026 : <\/strong><\/span>Partie 1 : normale &#8211; partie 2 : Joker<\/li>\n<\/ul>\n<p>&nbsp;<\/p>\n<ul>\n<li style=\"list-style-type: none;\">\n<ul>\n<li style=\"list-style-type: none;\">\n<h3 style=\"text-align: center;\"><span style=\"color: #0000ff;\">Calendrier d&#8217;arbitrage du mardi soir :<\/span><\/h3>\n<\/li>\n<li><span style=\"color: #008080;\"><strong>Mardi 14 Avril 2026 :&nbsp;<\/strong><\/span> Nadine<\/li>\n<li><span style=\"color: #008080;\"><strong>Mardi 21 Avril 2026 :&nbsp;<\/strong><\/span> Jean-Paul<\/li>\n<li><span style=\"color: #008080;\"><strong>Mardi 28 Avril 2026 :&nbsp;<\/strong><\/span> Daniel<\/li>\n<li><span style=\"color: #008080;\"><strong>Mardi 05 Mai 2026 :&nbsp;<\/strong><\/span> Olivier<\/li>\n<li><span style=\"color: #008080;\"><strong>Mardi 12 Mai 2026 :&nbsp;<\/strong><\/span> \u00c9lisabeth &#8211; Vichy<\/li>\n<li><span style=\"color: #008080;\"><strong>Mardi 19 Mai 2026 :&nbsp;<\/strong><\/span> Marie-Jo<\/li>\n<li><span style=\"color: #008080;\"><strong>Mardi 26 Mai 2026 :&nbsp;<\/strong><\/span> Daniel<\/li>\n<li><span style=\"color: #008080;\"><strong>Mardi 02 Juin 2026 :&nbsp;<\/strong><\/span> Nadine &#8211; SF partie 7 et 8<\/li>\n<li><span style=\"color: #008080;\"><strong>Mardi 09 Juin 2026 :&nbsp;<\/strong><\/span> Jean-Paul<\/li>\n<li><span style=\"color: #008080;\"><strong>Mardi 16 Juin 2026 :&nbsp;<\/strong><\/span> Assia<\/li>\n<li><span style=\"color: #008080;\"><strong>Mardi 23 Juin 2026 :&nbsp;<\/strong><\/span> \u00c9lisabeth<\/li>\n<li><span style=\"color: #008080;\"><strong>Mardi 30 Juin 2026 :&nbsp;<\/strong><\/span><\/li>\n<\/ul>\n<\/li>\n<\/ul>\n","protected":false},"excerpt":{"rendered":"<p>Prochaines \u00e9preuves : Dimanche 26 avril 2026 &nbsp; &nbsp; Simultan\u00e9 Mondial en semi-rapide Agenda &#8211; Saisons 2025 &#8211; 2026 Dimanche 26 avril 2026 : &nbsp;Simultan\u00e9 Mondial Semi Rapide Du samedi 09 au dimanche 17 mai 2026 : &nbsp;Festival de Vichy &hellip; <a href=\"http:\/\/manet-scrabble.org\/?page_id=4\">Continuer la lecture <span class=\"meta-nav\">&rarr;<\/span><\/a><\/p>\n","protected":false},"author":1,"featured_media":0,"parent":0,"menu_order":0,"comment_status":"closed","ping_status":"closed","template":"","meta":{"_editorskit_title_hidden":false,"_editorskit_reading_time":0,"_editorskit_is_block_options_detached":false,"_editorskit_block_options_position":"{}","ngg_post_thumbnail":0,"footnotes":""},"class_list":["post-4","page","type-page","status-publish","hentry"],"aioseo_notices":[],"_links":{"self":[{"href":"http:\/\/manet-scrabble.org\/index.php?rest_route=\/wp\/v2\/pages\/4","targetHints":{"allow":["GET"]}}],"collection":[{"href":"http:\/\/manet-scrabble.org\/index.php?rest_route=\/wp\/v2\/pages"}],"about":[{"href":"http:\/\/manet-scrabble.org\/index.php?rest_route=\/wp\/v2\/types\/page"}],"author":[{"embeddable":true,"href":"http:\/\/manet-scrabble.org\/index.php?rest_route=\/wp\/v2\/users\/1"}],"replies":[{"embeddable":true,"href":"http:\/\/manet-scrabble.org\/index.php?rest_route=%2Fwp%2Fv2%2Fcomments&post=4"}],"version-history":[{"count":918,"href":"http:\/\/manet-scrabble.org\/index.php?rest_route=\/wp\/v2\/pages\/4\/revisions"}],"predecessor-version":[{"id":16881,"href":"http:\/\/manet-scrabble.org\/index.php?rest_route=\/wp\/v2\/pages\/4\/revisions\/16881"}],"wp:attachment":[{"href":"http:\/\/manet-scrabble.org\/index.php?rest_route=%2Fwp%2Fv2%2Fmedia&parent=4"}],"curies":[{"name":"wp","href":"https:\/\/api.w.org\/{rel}","templated":true}]}}